he prime factors of 12080647.
571, 21157
What are the prime factors of 3065853?
3, 7, 67, 2179
What are the prime factors of 78929?
78929
What are the prime factors of 5344?
2, 167
What are the prime factors of 12706861?
313, 40597
List the prime factors of 9524297.
9524297
List the prime factors of 62957.
157, 401
List the prime factors of 15727058.
2, 167, 47087
List the prime factors of 390570.
2, 3, 5, 47, 277
What are the prime factors of 167441?
167441
List the prime factors of 598699.
163, 3673
List the prime factors of 42144.
2, 3, 439
What are the prime factors of 24254908?
2, 2377, 2551
List the prime factors of 1579783.
1579783
List the prime factors of 2167625.
5, 17341
What are the prime factors of 6625880?
2, 5, 151, 1097
What are the prime factors of 794260?
2, 5, 151, 263
What are the prime factors of 4535423?
37, 122579
List the prime factors of 2967523.
13, 53, 59, 73
What are the prime factors of 300895?
5, 7, 8597
What are the prime factors of 4244540?
2, 5, 212227
List the prime factors of 122435.
5, 47, 521
List the prime factors of 406796.
2, 13, 7823
List the prime factors of 17128028.
2, 4282007
List the prime factors of 890941.
890941
List the prime factors of 680554.
2, 7, 48611
List the prime factors of 13501533.
3, 19, 236869
List the prime factors of 6410310.
2, 3, 5, 157, 1361
What are the prime factors of 13540?
2, 5, 677
List the prime factors of 5345174.
2, 17, 157211
What are the prime factors of 535791?
3, 178597
List the prime factors of 202599.
3, 22511
List the prime factors of 1533159.
3, 170351
What are the prime factors of 505884?
2, 3, 42157
List the prime factors of 2073757.
7, 296251
What are the prime factors of 3646834?
2, 23, 79279
List the prime factors of 55554.
2, 3, 47, 197
List the prime factors of 22329359.
13, 197, 8719
List the prime factors of 288134.
2, 7, 11, 1871
What are the prime factors of 159653?
13, 12281
List the prime factors of 454319.
23, 19753
What are the prime factors of 23339730?
2, 3, 5, 47, 16553
What are the prime factors of 695434?
2, 347717
What are the prime factors of 89938?
2, 193, 233
List the prime factors of 500922.
2, 3, 17, 1637
What are the prime factors of 146645?
5, 139, 211
What are the prime factors of 169803?
3, 19, 331
List the prime factors of 2737310.
2, 5, 29, 9439
What are the prime factors of 51225?
3, 5, 683
List the prime factors of 2601427.
31, 2707
List the prime factors of 164789.
164789
What are the prime factors of 2049208?
2, 7, 23, 37, 43
List the prime factors of 3325098.
2, 3, 7, 17, 4657
List the prime factors of 143187.
3, 11, 4339
What are the prime factors of 9917?
47, 211
List the prime factors of 154384.
2, 9649
What are the prime factors of 235166?
2, 31, 3793
What are the prime factors of 1316241?
3, 146249
List the prime factors of 333868.
2, 19, 23, 191
What are the prime factors of 187546?
2, 79, 1187
What are the prime factors of 14562402?
2, 3, 2427067
List the prime factors of 12086440.
2, 5, 43, 7027
What are the prime factors of 662971?
113, 5867
What are the prime factors of 397510?
2, 5, 127, 313
List the prime factors of 526382.
2, 263191
List the prime factors of 146190.
2, 3, 5, 11, 443
What are the prime factors of 41906079?
3, 31, 5563
List the prime factors of 13663975.
5, 13, 42043
List the prime factors of 19197.
3, 79
List the prime factors of 7893715.
5, 23, 83, 827
What are the prime factors of 312171?
3, 17, 6121
What are the prime factors of 963160?
2, 5, 11, 199
What are the prime factors of 161871?
3, 79, 683
What are the prime factors of 764287?
317, 2411
What are the prime factors of 1830165?
3, 5, 122011
What are the prime factors of 912468?
2, 3, 76039
What are the prime factors of 1561175?
5, 7, 11, 811
List the prime factors of 380593.
43, 53, 167
List the prime factors of 1456672.
2, 7, 929
List the prime factors of 1432216.
2, 17, 10531
What are the prime factors of 6369587?
7, 37, 24593
List the prime factors of 5114672.
2, 29, 73, 151
What are the prime factors of 22074546?
2, 3, 13, 283007
List the prime factors of 874106.
2, 17, 47, 547
What are the prime factors of 1830039?
3, 47, 12979
What are the prime factors of 145237?
311, 467
List the prime factors of 932883.
3, 7, 31, 1433
What are the prime factors of 172660?
2, 5, 89, 97
List the prime factors of 17865159.
3, 13, 167, 211
List the prime factors of 6978677.
6978677
List the prime factors of 284871.
3, 269, 353
What are the prime factors of 269788?
2, 67447
What are the prime factors of 247824?
2, 3, 1721
What are the prime factors of 2405676?
2, 3, 7, 13, 2203
What are the prime factors of 1976094?
2, 3, 311, 353
What are the prime factors of 2150125?
5, 103, 167
List the prime factors of 252715.
5, 50543
What are the prime factors of 2986953?
3, 995651
What are the prime factors of 1027660?
2, 5, 51383
What are the prime factors of 7165874?
2, 17, 210761
What are the prime factors of 12167525?
5, 179, 2719
List the prime factors of 104227.
17, 6131
List the prime factors of 16414609.
29, 47, 12043
What are the prime factors of 1061189?
1061189
List the prime factors of 378666.
2, 3, 109, 193
What are the prime factors of 1780031?
11, 47, 313
What are the prime factors of 347696?
2, 31, 701
What are the prime factors of 249582?
2, 3, 41597
List the prime factors of 4885830.
2, 3, 5, 54287
List the prime factors of 1947661.
1947661
What are the prime factors of 328159?
13, 25243
List the prime factors of 1850121.
3, 7, 13, 251
List the prime factors of 1553309.
1553309
List the prime factors of 436370.
2, 5, 11, 3967
List the prime factors of 607241.
281, 2161
List the prime factors of 18184890.
2, 3, 5, 229, 2647
What are the prime factors of 24671854?
2, 2731, 4517
What are the prime factors of 2547440?
2, 5, 7, 4549
List the prime factors of 9494365.
5, 1898873
List the prime factors of 4759482.
2, 3, 7, 13, 23, 379
What are the prime factors of 34640?
2, 5, 433
List the prime factors of 15774582.
2, 3, 107, 24571
List the prime factors of 6271846.
2, 7, 283, 1583
List the prime factors of 1311683.
61, 21503
What are the prime factors of 190569?
3, 139, 457
What are the prime factors of 1328391?
3, 103, 1433
List the prime factors of 171532.
2, 19, 37, 61
List the prime factors of 4068973.
4068973
What are the prime factors of 3234407?
11, 283, 1039
List the prime factors of 829130.
2, 5, 82913
What are the prime factors of 13665965?
5, 73, 37441
What are the prime factors of 4927686?
2, 3, 821281
What are the prime factors of 717475?
5, 11, 2609
What are the prime factors of 16076?
2, 4019
What are the prime factors of 18115294?
2, 53, 170899
List the prime factors of 46450.
2, 5, 929
What are the prime factors of 30416?
2, 1901
What are the prime factors of 154226?
2, 59, 1307
List the prime factors of 4013734.
2, 17, 118051
List the prime factors of 3766416.
2, 3, 78467
List the prime factors of 14356656.
2, 3, 167, 199
List the prime factors of 208332.
2, 3, 643
List the prime factors of 6471584.
2, 7, 167, 173
List the prime factors of 530988.
2, 3, 44249
What are the prime factors of 125804?
2, 7, 4493
What are the prime factors of 221017?
17, 13001
List the prime factors of 73338.
2, 3, 17, 719
List the prime factors of 11253.
3, 11, 31
What are the prime factors of 22653348?
2, 3, 89, 21211
List the prime factors of 1624281.
3, 67, 8081
List the prime factors of 4573062.
2, 3, 13, 19543
List the prime factors of 1588019.
1588019
What are the prime factors of 644778?
2, 3, 113, 317
What are the prime factors of 44229?
3, 23, 641
What are the prime factors of 721440?
2, 3, 5, 167
List the prime factors of 256157.
11, 29, 73
What are the prime factors of 649764?
2, 3, 18049
What are the prime factors of 9595238?
2, 47, 102077
What are the prime factors of 292288?
2, 4567
What are the prime factors of 11797363?
11797363
What are the prime factors of 2698606?
2, 233, 5791
List the prime factors of 1160942.
2, 580471
What are the prime factors of 136875?
3, 5, 73
List the prime factors of 1064623.
7, 21727
List the prime factors of 981012.
2, 3, 29, 2819
List the prime factors of 376434.
2, 3, 6971
List the prime factors of 1049464.
2, 13, 10091
What are the prime factors of 1893021?
3, 13, 48539
What are the prime factors 